e prime factors of s?
2, 3
Let c = -73 + 76. Suppose 5*n + 54 = -0*n + 3*w, 0 = -5*n + 4*w - 52. List the prime factors of (c/(-4))/(1/n).
3
Let o(h) = h**3 + 12*h**2 - 14*h + 6. Let x be o(-13). Let r = 34 - x. List the prime factors of r.
3, 5
Let q = -63 + 15. Let w = -28 - q. What are the prime factors of w?
2, 5
Let t(h) = h**3 - 10*h**2 + 9*h + 4. Let n be t(9). Suppose -x + 18 = 2*u, -n*x + 7*x + 2*u - 46 = 0. List the prime factors of (24/x)/(5/35).
2, 3
Let q = 9 + 8. List the prime factors of q.
17
Suppose 6*p = 2*p + 8. List the prime factors of (-9 + p)/(0 + -1).
7
Let q = -22 - -15. Let n(x) = -x**3 - 9*x**2 + 3*x - 10. Let c(z) = 3*z**3 + 28*z**2 - 10*z + 31. Let r(s) = -2*c(s) - 7*n(s). List the prime factors of r(q).
3, 5
Suppose -10 = -5*m - 0*m. Suppose m*y = 5*y + 2*j - 25, 2*j = -2*y + 14. List the prime factors of y.
11
What are the prime factors of (-2)/((-1)/(-8)*28/(-189))?
2, 3
What are the prime factors of -2 + 4 - 54/((-6)/3)?
29
Suppose q + q - 100 = 0. Suppose 3*n - 8*n + q = 0. List the prime factors of n.
2, 5
Suppose 6*z - 584 = 2*z. List the prime factors of z.
2, 73
Let b(a) = 5*a**3 - 3*a + 2. List the prime factors of b(2).
2, 3
Let y(s) = -s + 1. Let v be y(-8). Suppose 5*p = -10 + 25, -3*b = -3*p + v. Suppose -5*u + 25 + 30 = b. List the prime factors of u.
11
Suppose 12*h + 20 = 7*h. Let l(y) = 2 + y**2 + y - 10*y - 2*y**2. List the prime factors of l(h).
2, 11
Let n be (-2 - -38)*(-4)/(-6). Let b = -13 + n. What are the prime factors of b?
11
Let c(j) = 3*j**2 + 3 - 4*j**2 - 3*j + 3*j**2 + 3*j**3. List the prime factors of c(2).
29
Let c be 2/(2 + (-4)/3). Suppose 17 + c = 3*d - 4*g, -5*g = -d - 8. Suppose d = 3*q - 27. List the prime factors of q.
13
Suppose 0 = 3*n - s - 43, -1 = n + 3*s - 32. List the prime factors of n.
2
Suppose 19 = 3*j + u + 57, -j - 5*u - 22 = 0. What are the prime factors of j*((-18)/8 - -2)?
3
What are the prime factors of (8/(-12))/(2 + 5600/(-2796))?
233
Suppose -3*s - 4 = 3*f + 2*f, 3*f = 3*s - 36. Suppose 3*t + s = 37. What are the prime factors of t?
2, 5
Let g(z) = z. Let d be g(1). Let m = -1 - d. What are the prime factors of (4/5)/(m/(-5))?
2
List the prime factors of (357/12 - -3)/((-3)/(-24)).
2, 131
Let v be 49 + -4 - -3*1. List the prime factors of v/(-10)*(-20)/6.
2
Let c be (-2)/(-6)*(12 - 12). Suppose -61 = -3*f - u - 4*u, -5*u - 5 = c. List the prime factors of f.
2, 11
Let m(a) = -a**2 + 2*a - 2. Let i be m(2). What are the prime factors of 268/10 - i/10?
3
Suppose -3*j + 2 = -2*t, t - 5*j = 5*t + 4. Let f(b) = b**2 - 14*b - 4. Let h be f(15). Let g = h - t. What are the prime factors of g?
2, 3
What are the prime factors of ((-16)/40)/((-1)/455)?
2, 7, 13
Suppose -x - 29 = -2*x. What are the prime factors of x?
29
Let d = 9 - 7. Let m = 3 - -6. Suppose d = t - m. What are the prime factors of t?
11
List the prime factors of 3 - 0 - 214/((-3)/3).
7, 31
Suppose 4*n = 3*i + 1, 3*n + 0*n = i - 8. Let d = 0 - i. What are the prime factors of d?
7
Suppose 3*z - 5*k - 22 = 0, 2*k - 44 = -2*z - 2*k. Suppose -6 = -4*t + z. Let o(g) = g**3 - 4*g**2 - 6. List the prime factors of o(t).
19
Let t(l) = 8*l**2 + 3*l + 2. Let v be t(-2). Suppose -7 + v = -2*m + 5*j, -5*j + 27 = m. Suppose -m*n + 7*n = 50. List the prime factors of n.
2, 5
Suppose 0 = 3*p - 2*p - z - 12, 2*p + 2*z = 8. Let o(i) be the third derivative of -i**5/60 + i**4/3 + 5*i**3/6 + i**2. List the prime factors of o(p).
5
Let d be (-3)/2 + (-81)/(-6). Suppose 2*l - l - 10 = -k, -3*l + d = k. What are the prime factors of k?
3
Let j be (-6)/(-9) - (-4)/3. Suppose j*s + 0 = -8. Let m = 0 - s. What are the prime factors of m?
2
Suppose 0 = -p - 4*p + 125. List the prime factors of (-5)/p - 262/(-10).
2, 13
Let a be (-4 + 4)/(1/(-1)). Suppose a*y = 3*y - 18. List the prime factors of y.
2, 3
Let k(b) be the third derivative of -13*b**4/24 - b**3/2 - 2*b**2. What are the prime factors of k(-2)?
23
Suppose -r - 2*k + 35 = 0, 4*r - 4*k + 51 = 239. List the prime factors of r.
43
Suppose k - 2*o = 11, k + 2*o + 1 = -4. Suppose -j + 5 = k. List the prime factors of j.
2
Let x be 2/7 + (-19)/(-7). Let v = 6 + -1. Suppose -v*k + 50 = 2*q, -3*k - x*q + 2*q + 30 = 0. What are the prime factors of k?
2, 5
Suppose 32 = -2*s - 2*s. Let d = s - -21. List the prime factors of d.
13
Let b = -19 + 40. Suppose -4*v = -4*a - 48, 3*v - b = v - a. What are the prime factors of v?
11
Let l be 2/(0 - 2) - -5. Let r be 4/2 - (l - 2). Suppose -z + r*z + 16 = 0. What are the prime factors of z?
2
Let d(y) = -2*y**2 + 3*y - 3. Let n be d(2). What are the prime factors of (-2)/n + (-624)/(-40)?
2
Let r be 5/30 - 1/6. Suppose 2*a = -4*m + 22, 1 = -r*a - a. List the prime factors of 56/m*(-12)/(-8).
2, 7
Let z = -1 + 6. Suppose -2*r = 3*n - 8*n + 40, -3*n + z = -5*r. What are the prime factors of n?
2, 5
Suppose 3*n - 16 = -4. Suppose n*l - 3*l = 41. What are the prime factors of l?
41
Let x(l) = -2*l + 2. Let d be x(1). Suppose d = 3*m + 4*y - 115, 5*m + 4*y - 100 = 81. List the prime factors of m.
3, 11
Suppose 3*h + 5*f = 2*h - 7, 0 = -4*h + f + 14. Suppose h*r - 8*r + 115 = 0. Suppose -r - 9 = -4*j. What are the prime factors of j?
2
List the prime factors of 8/(-6) + ((-10880)/(-12))/5.
2, 3, 5
Let m(x) = 8*x - 1. What are the prime factors of m(2)?
3, 5
Suppose 196 = 2*z + 14. List the prime factors of z.
7, 13
Suppose 2*x + 15 = 3*g - 9, 4*g - 36 = 4*x. Let h(f) = -2*f + 2. Let t be h(g). Let k = 0 - t. What are the prime factors of k?
2, 5
Let f(a) = 2*a**2 - 2*a - 3. Let t be f(-3). Let h = -3 + t. List the prime factors of h.
2, 3
Let r(g) = -g**3 - g**2 + 2*g. Let w be (-1)/(-3) - (-58)/6. Suppose 4*z = -z - a - w, 8 = -z + a. What are the prime factors of r(z)?
2, 3
What are the prime factors of ((-15)/30)/((-2)/524)?
131
Suppose 2*q = 216 - 78. What are the prime factors of q?
3, 23
Let n(a) = 4 - 1 - 2 + 2 + a. Let m be n(4). Suppose m = 2*f - 9. List the prime factors of f.
2
Let g = 4 + -3. List the prime factors of -3*(g - 2)*3.
3
Suppose -r - 4*h = -87, 4*h = h - 9. Let a be 5/7 - (-2)/7. List the prime factors of r/36 + a/4.
3
Let p be 4/(-8) + 94/4. Suppose 0*k - p = -k. Suppose 3*j = -4*r - 0*j + k, -5*r + 26 = j. What are the prime factors of r?
5
Let z be (-2 - 1)*(-10)/6. Let w = z + -2. Suppose -2*f = w*v - 28, 4*f - 34 = -4*v + 3*f. List the prime factors of v.
2
Suppose -3*k + 15 = 0, 3*n + 0*n = -4*k + 302. Suppose -20 = -3*a + n. What are the prime factors of a?
2, 19
Let b be -1 + (-3)/(3/(-11)). Let k(c) = -c + 6. Let a be k(b). What are the prime factors of (a + 5)/((-1)/(-5))?
5
Let v = -3 - -12. List the prime factors of v.
3
Let s be ((-24)/30)/(2/(-10)). Suppose -41 = -3*y + y + a, a = s*y - 79. What are the prime factors of y?
19
Let z(v) = v**2 - 2*v - 5. Let u be z(4). What are the prime factors of 6/u + 0 + 0?
2
Suppose 0*a - 2*a + 154 = 0. Suppose 9*c = 4*c + g + a, -2*g - 79 = -5*c. What are the prime factors of c?
3, 5
Let c(w) = 2*w + 3. Suppose 0 = -3*m + 5*t - 12, -m + 3*t = 5 - 1. Let k be c(m). Let a(i) = -i + 4. What are the prime factors of a(k)?
3
Let q(n) = n**2 - 1. Let g(r) = -2*r**2 - 2*r + 4. Let o(a) = g(a) + 5*q(a). List the prime factors of o(-1).
2
Suppose 0 = -w + 4*w + 18. Let r(g) = 2*g - 4. Let d be r(w). Let k = d - -25. List the prime factors of k.
3
Let i(o) = o**2 + 1 - 2*o**2 - 8*o + 3. Let t be i(-8). Suppose -s + 23 = 3*a - 2*s, t*a - 4 = -4*s. List the prime factors of a.
2, 3
Let h(d) = -5*d - 1. Let c be h(-1). Let t be (-1)/c + (-2)/(-8). List the prime factors of (9/(-6) - t)*-4.
2, 3
Let h be (-1)/(2/54*-1). Suppose -10 = -3*y - s, 2*y - 12 = s + 3. Suppose 2*a - h + y = 0. What are the prime factors of a?
11
Let t = 22 - 14. What are the prime factors of 4/(-16) + 202/t?
5
List the prime factors of -6 - -46 - (0 - -2).
2, 19
Suppose 55 + 33 = r. What are the prime factors of r?
2, 11
Suppose -4*z - 4 = -0*z. List the prime factors of (z - 2)*-1 + 39.
2, 3, 7
Let y be (-7)/(-2) + 2/(-4). Let d(w) = 2*w**3 + 2*w + 3*w**2 + 1 - 6*w**3 + 3*w**3. List the prime factors of d(y).
7
Suppose -3 = 4*l - 7. Let j(k) = 3*k**3 + k**2 - 1. List the prime factors of j(l).
3
Let h be (6/5)/(2/15). Suppose 0 = -5*s + 21 + h. List the prime factors of s.
2, 3
Suppose -3*s - 1